s of 453940594.
2, 43, 122753
List the prime factors of 45667778.
2, 13, 73, 24061
What are the prime factors of 52352874?
2, 3, 7, 59357
What are the prime factors of 27835338?
2, 3, 73, 103, 617
List the prime factors of 25623445.
5, 1109, 4621
What are the prime factors of 119046922?
2, 59523461
What are the prime factors of 480870294?
2, 3, 83, 965603
What are the prime factors of 1240912596?
2, 3, 7, 11, 1009
List the prime factors of 10558905.
3, 5, 7, 227, 443
List the prime factors of 56572584.
2, 3, 47, 50153
What are the prime factors of 82684790?
2, 5, 2719, 3041
List the prime factors of 102930427.
17, 883, 6857
List the prime factors of 133841834.
2, 7, 1365733
List the prime factors of 21253830.
2, 3, 5, 13, 54497
What are the prime factors of 212654093?
3137, 67789
List the prime factors of 9478300.
2, 5, 13, 23, 317
List the prime factors of 418296174.
2, 3, 29, 37, 43, 1511
What are the prime factors of 43877377?
29, 1513013
What are the prime factors of 267375140?
2, 5, 1723, 7759
What are the prime factors of 23419537?
23419537
What are the prime factors of 120521376?
2, 3, 107, 3911
List the prime factors of 52176507.
3, 113, 153913
What are the prime factors of 484366743?
3, 7, 41, 62507
What are the prime factors of 164251852?
2, 139, 295417
What are the prime factors of 6151234662?
2, 3, 113911753
What are the prime factors of 210519778?
2, 7, 1009, 2129
List the prime factors of 59177093.
59177093
What are the prime factors of 28790107?
37, 778111
List the prime factors of 104046921.
3, 11, 139, 7561
List the prime factors of 7468179967.
7793, 958319
What are the prime factors of 151376810?
2, 5, 13, 29, 40153
What are the prime factors of 40475930?
2, 5, 11, 47, 7829
What are the prime factors of 20102114?
2, 19, 529003
List the prime factors of 1157705430.
2, 3, 5, 7, 101, 54583
What are the prime factors of 470045456?
2, 29, 1013029
What are the prime factors of 1024542?
2, 3, 18973
List the prime factors of 460703711.
13, 2549, 13903
List the prime factors of 585579587.
585579587
List the prime factors of 932686833.
3, 13, 67, 27457
What are the prime factors of 108310712?
2, 13538839
List the prime factors of 579739892.
2, 144934973
List the prime factors of 28779722.
2, 1871, 7691
What are the prime factors of 230288278?
2, 11, 2671, 3919
List the prime factors of 294242632.
2, 4931, 7459
What are the prime factors of 311371890?
2, 3, 5, 101, 102763
List the prime factors of 6889591176.
2, 3, 13, 367, 60169
List the prime factors of 4450616991.
3, 494512999
List the prime factors of 73409144.
2, 839, 10937
List the prime factors of 84450100.
2, 5, 7, 223, 541
List the prime factors of 42660791.
23, 227, 8171
List the prime factors of 479453427.
3, 859, 62017
List the prime factors of 5404591188.
2, 3, 5560279
What are the prime factors of 123391889?
123391889
What are the prime factors of 2888973231?
3, 15031, 64067
List the prime factors of 327787204.
2, 81946801
List the prime factors of 34362004.
2, 8590501
List the prime factors of 166115862.
2, 3, 11, 838969
List the prime factors of 56280547.
56280547
List the prime factors of 690876903.
3, 230292301
List the prime factors of 1081735536.
2, 3, 7, 223, 14437
What are the prime factors of 850683795?
3, 5, 13, 4362481
What are the prime factors of 4290726928?
2, 268170433
List the prime factors of 126411807.
3, 19, 59, 37589
List the prime factors of 3555122045.
5, 711024409
What are the prime factors of 5118440629?
43, 59, 46919
List the prime factors of 143930044.
2, 23, 1564457
What are the prime factors of 7979196?
2, 3, 664933
List the prime factors of 1936322622.
2, 3, 13, 8274883
What are the prime factors of 1059185217?
3, 353061739
What are the prime factors of 6667569535?
5, 11, 121228537
List the prime factors of 5392402099.
7, 491, 1568927
List the prime factors of 2114076093.
3, 31, 22732001
What are the prime factors of 114482324?
2, 11, 271, 9601
What are the prime factors of 29542873?
401, 73673
What are the prime factors of 78304610?
2, 5, 2153, 3637
What are the prime factors of 934820813?
337, 2773949
List the prime factors of 331110668.
2, 7, 23, 514147
What are the prime factors of 264055509?
3, 17, 67, 25759
List the prime factors of 1320196540.
2, 5, 13, 17, 298687
List the prime factors of 1988796227.
11, 31, 188137
List the prime factors of 951073232.
2, 59442077
List the prime factors of 1786536039.
3, 29, 67, 306491
List the prime factors of 1727316521.
7, 4943, 49921
What are the prime factors of 3402229858?
2, 293, 5805853
List the prime factors of 269692431.
3, 29, 43, 72091
List the prime factors of 173715738.
2, 3, 7, 167, 24767
What are the prime factors of 599269460?
2, 5, 29963473
List the prime factors of 3557446622.
2, 17, 37, 71, 39829
What are the prime factors of 4412258475?
3, 5, 23, 1277, 2003
What are the prime factors of 84522315?
3, 5, 103, 227, 241
What are the prime factors of 674291494?
2, 19, 41, 432793
What are the prime factors of 3288630?
2, 3, 5, 109621
What are the prime factors of 3414627825?
3, 5, 7, 6504053
List the prime factors of 184527541.
11, 1525021
What are the prime factors of 201394822?
2, 127, 792893
What are the prime factors of 511677026?
2, 7, 149, 245291
What are the prime factors of 2445849065?
5, 11, 44469983
What are the prime factors of 41626534?
2, 643, 32369
List the prime factors of 3322489999.
37, 8753, 10259
List the prime factors of 1016771003.
17, 59810059
What are the prime factors of 153973498?
2, 7, 73, 150659
What are the prime factors of 28074697?
7, 23, 29, 859
What are the prime factors of 7513219274?
2, 11, 283, 1206749
What are the prime factors of 171599398?
2, 6373, 13463
What are the prime factors of 26565373?
17, 337, 4637
What are the prime factors of 50400450?
2, 3, 5, 47, 2383
List the prime factors of 28783309.
19, 1514911
List the prime factors of 123354004.
2, 19, 37, 43867
List the prime factors of 24301854.
2, 3, 317, 4259
What are the prime factors of 5785424?
2, 19, 19031
List the prime factors of 1294066654.
2, 137, 4722871
List the prime factors of 213060424.
2, 53, 502501
List the prime factors of 96617741.
11, 8783431
What are the prime factors of 16693548?
2, 3, 1391129
What are the prime factors of 478424952?
2, 3, 61, 97, 1123
List the prime factors of 414312374.
2, 7, 4943, 5987
List the prime factors of 121127200.
2, 5, 23, 29, 227
List the prime factors of 135216903.
3, 3491, 12911
What are the prime factors of 228254405?
5, 2677, 17053
What are the prime factors of 504293917?
504293917
List the prime factors of 131336277.
3, 131, 334189
List the prime factors of 211593585.
3, 5, 7, 2015177
What are the prime factors of 3353752282?
2, 17, 19, 83, 62549
What are the prime factors of 3993206553?
3, 7, 59, 358103
List the prime factors of 36972369.
3, 7, 197, 331
What are the prime factors of 2774777?
2774777
What are the prime factors of 4786500644?
2, 271, 4415591
List the prime factors of 4051613077.
17, 73, 467, 6991
What are the prime factors of 1318159080?
2, 3, 5, 7, 101, 5179
List the prime factors of 7123096161.
3, 3517, 225037
List the prime factors of 696349249.
31, 724609
List the prime factors of 664578320.
2, 5, 7, 491, 2417
What are the prime factors of 604171636?
2, 17, 23, 386299
List the prime factors of 1334250353.
89, 509, 29453
What are the prime factors of 668001281?
17, 659, 59627
List the prime factors of 105552754.
2, 89, 592993
What are the prime factors of 867552414?
2, 3, 47, 3076427
What are the prime factors of 505361799?
3, 37, 1517603
What are the prime factors of 74146731?
3, 24715577
What are the prime factors of 42172653?
3, 14057551
List the prime factors of 67594817.
67594817
List the prime factors of 948208020.
2, 3, 5, 15803467
List the prime factors of 73242117.
3, 13, 208667
What are the prime factors of 166201557?
3, 71, 751, 1039
List the prime factors of 800025635.
5, 3889, 41143
What are the prime factors of 393670190?
2, 5, 17, 2315707
What are the prime factors of 78741526?
2, 1327, 29669
List the prime factors of 3135211895.
5, 29, 21622151
What are the prime factors of 133337003?
19, 23, 305119
What are the prime factors of 107987694?
2, 3, 31, 659, 881
List the prime factors of 1329117896.
2, 5927